{"id":167,"date":"2022-01-25T09:10:01","date_gmt":"2022-01-25T08:10:01","guid":{"rendered":"https:\/\/puertasdetierra.cadiz.es\/?page_id=167"},"modified":"2022-01-25T12:02:36","modified_gmt":"2022-01-25T11:02:36","slug":"edad-contemporanea-1","status":"publish","type":"page","link":"https:\/\/puertasdetierra.cadiz.es\/index.php\/edad-contemporanea-1\/","title":{"rendered":"\u00c9poca Contempor\u00e1nea (s. XIX)"},"content":{"rendered":"<p>[et_pb_section fb_built=&#8221;1&#8243; fullwidth=&#8221;on&#8221; _builder_version=&#8221;4.6.6&#8243; background_color=&#8221;#018289&#8243; background_color_gradient_direction=&#8221;330deg&#8221;][et_pb_fullwidth_image src=&#8221;https:\/\/puertasdetierra.cadiz.es\/wp-content\/uploads\/2022\/01\/logocontemp.png&#8221; title_text=&#8221;logocontemp&#8221; _builder_version=&#8221;4.6.6&#8243; _module_preset=&#8221;default&#8221;][\/et_pb_fullwidth_image][et_pb_fullwidth_header title=&#8221;\u00c9poca contempor\u00e1nea  (s. XIX)&#8221; content_max_width=&#8221;none&#8221; _builder_version=&#8221;4.6.6&#8243; background_color=&#8221;rgba(255, 255, 255, 0)&#8221; button_one_text_size__hover_enabled=&#8221;off&#8221; button_two_text_size__hover_enabled=&#8221;off&#8221; button_one_text_color__hover_enabled=&#8221;off&#8221; button_two_text_color__hover_enabled=&#8221;off&#8221; button_one_border_width__hover_enabled=&#8221;off&#8221; button_two_border_width__hover_enabled=&#8221;off&#8221; button_one_border_color__hover_enabled=&#8221;off&#8221; button_two_border_color__hover_enabled=&#8221;off&#8221; button_one_border_radius__hover_enabled=&#8221;off&#8221; button_two_border_radius__hover_enabled=&#8221;off&#8221; button_one_letter_spacing__hover_enabled=&#8221;off&#8221; button_two_letter_spacing__hover_enabled=&#8221;off&#8221; button_one_bg_color__hover_enabled=&#8221;off&#8221; button_two_bg_color__hover_enabled=&#8221;off&#8221;][\/et_pb_fullwidth_header][\/et_pb_section][et_pb_section fb_built=&#8221;1&#8243; _builder_version=&#8221;3.22&#8243; custom_padding=&#8221;||0px|||&#8221;][et_pb_row _builder_version=&#8221;4.6.6&#8243; _module_preset=&#8221;default&#8221;][et_pb_column type=&#8221;4_4&#8243; _builder_version=&#8221;4.6.6&#8243; _module_preset=&#8221;default&#8221;][et_pb_menu _builder_version=&#8221;4.6.6&#8243; _module_preset=&#8221;default&#8221;][\/et_pb_menu][\/et_pb_column][\/et_pb_row][et_pb_row column_structure=&#8221;1_3,1_3,1_3&#8243; _builder_version=&#8221;4.6.6&#8243; _module_preset=&#8221;default&#8221;][et_pb_column type=&#8221;1_3&#8243; _builder_version=&#8221;4.6.6&#8243; _module_preset=&#8221;default&#8221;][et_pb_blurb title=&#8221;Patrimonio militar&#8221; image=&#8221;https:\/\/puertasdetierra.cadiz.es\/wp-content\/uploads\/2022\/01\/icon-military.png&#8221; image_max_width=&#8221;45%&#8221; _builder_version=&#8221;4.6.6&#8243; _module_preset=&#8221;default&#8221; header_level=&#8221;h2&#8243; header_text_align=&#8221;center&#8221; body_text_align=&#8221;center&#8221; body_font_size=&#8221;16px&#8221; text_orientation=&#8221;center&#8221;]<\/p>\n<p style=\"text-align: center;\">Con las defensas consolidadas, la ingenier\u00eda militar se \ufb01j\u00f3 en la zona de extramuros y concretamente en el istmo que une a la ciudad con San Fernando para proyectar los sistemas defensivos.<\/p>\n<p>[\/et_pb_blurb][\/et_pb_column][et_pb_column type=&#8221;1_3&#8243; _builder_version=&#8221;4.6.6&#8243; _module_preset=&#8221;default&#8221;][et_pb_blurb title=&#8221;Patrimonio mar\u00edtimo&#8221; image=&#8221;https:\/\/puertasdetierra.cadiz.es\/wp-content\/uploads\/2022\/01\/icon-barco.png&#8221; image_max_width=&#8221;35%&#8221; _builder_version=&#8221;4.6.6&#8243; _module_preset=&#8221;default&#8221; header_level=&#8221;h2&#8243; header_text_align=&#8221;center&#8221; body_text_align=&#8221;center&#8221; body_font_size=&#8221;16px&#8221; text_orientation=&#8221;center&#8221; custom_padding=&#8221;||0px|||&#8221;]<\/p>\n<p>El puerto de C\u00e1diz sigui\u00f3 con la misma imagen hasta mediados de la centuria, con un peque\u00f1o muelle de ribera adosado a las murallas y el muelle de Capitan\u00eda protegido por el baluarte de San Felipe.<\/p>\n<p>&nbsp;<\/p>\n<p>[\/et_pb_blurb][\/et_pb_column][et_pb_column type=&#8221;1_3&#8243; _builder_version=&#8221;4.6.6&#8243; _module_preset=&#8221;default&#8221;][et_pb_blurb title=&#8221;Patrimonio industrial&#8221; image=&#8221;https:\/\/puertasdetierra.cadiz.es\/wp-content\/uploads\/2022\/01\/icon-industrial.png&#8221; image_max_width=&#8221;52%&#8221; _builder_version=&#8221;4.6.6&#8243; _module_preset=&#8221;default&#8221; header_level=&#8221;h2&#8243; header_text_align=&#8221;center&#8221; body_text_align=&#8221;center&#8221; body_font_size=&#8221;16px&#8221; text_orientation=&#8221;center&#8221;]<\/p>\n<p style=\"text-align: center;\">Las principales zonas de huertas ya no se situaron dentro de la ciudad amurallada, pues pr\u00e1cticamente todo ese espacio fue urbanizado, as\u00ed que la zona de extramuros cogi\u00f3 el testigo de esta actividad econ\u00f3mica.<\/p>\n<p>[\/et_pb_blurb][\/et_pb_column][\/et_pb_row][\/et_pb_section][et_pb_section fb_built=&#8221;1&#8243; _builder_version=&#8221;3.22&#8243; custom_padding=&#8221;0px||0px|||&#8221;][et_pb_row _builder_version=&#8221;3.25&#8243; background_size=&#8221;initial&#8221; background_position=&#8221;top_left&#8221; background_repeat=&#8221;repeat&#8221;][et_pb_column type=&#8221;4_4&#8243; _builder_version=&#8221;3.25&#8243; custom_padding=&#8221;|||&#8221; custom_padding__hover=&#8221;|||&#8221;][et_pb_image src=&#8221;https:\/\/puertasdetierra.cadiz.es\/wp-content\/uploads\/2022\/01\/planocontem1.png&#8221; title_text=&#8221;planocontem1&#8243; force_fullwidth=&#8221;on&#8221; _builder_version=&#8221;4.6.6&#8243; _module_preset=&#8221;default&#8221;][\/et_pb_image][\/et_pb_column][\/et_pb_row][\/et_pb_section][et_pb_section fb_built=&#8221;1&#8243; _builder_version=&#8221;3.22&#8243; custom_padding=&#8221;0px|||||&#8221;][et_pb_row _builder_version=&#8221;3.25&#8243; background_size=&#8221;initial&#8221; background_position=&#8221;top_left&#8221; background_repeat=&#8221;repeat&#8221;][et_pb_column type=&#8221;4_4&#8243; _builder_version=&#8221;3.25&#8243; custom_padding=&#8221;|||&#8221; custom_padding__hover=&#8221;|||&#8221;][et_pb_text _builder_version=&#8221;4.6.6&#8243; background_size=&#8221;initial&#8221; background_position=&#8221;top_left&#8221; background_repeat=&#8221;repeat&#8221; text_orientation=&#8221;center&#8221; module_alignment=&#8221;center&#8221; hover_enabled=&#8221;0&#8243; sticky_enabled=&#8221;0&#8243;]<\/p>\n<h1>La capital constitucional de Espa\u00f1a<\/h1>\n<p>[\/et_pb_text][\/et_pb_column][\/et_pb_row][et_pb_row _builder_version=&#8221;4.6.6&#8243; _module_preset=&#8221;default&#8221;][et_pb_column type=&#8221;4_4&#8243; _builder_version=&#8221;4.6.6&#8243; _module_preset=&#8221;default&#8221;][et_pb_text _builder_version=&#8221;4.6.6&#8243; _module_preset=&#8221;default&#8221; hover_enabled=&#8221;0&#8243; sticky_enabled=&#8221;0&#8243;]<\/p>\n<p><img decoding=\"async\" loading=\"lazy\" src=\"https:\/\/puertasdetierra.cadiz.es\/wp-content\/uploads\/2022\/01\/contemp1-300x166.png\" width=\"300\" height=\"166\" alt=\"\" class=\"wp-image-129 alignnone size-medium\" style=\"display: block; margin-left: auto; margin-right: auto;\" \/><\/p>\n<p>La Guerra de la Independencia (1808-1814) afect\u00f3 de forma determinante a C\u00e1diz, ya que se convirti\u00f3 en el \u00fanico de reducto que no fue ocupado por los franceses y propici\u00f3 que la primera constituci\u00f3n propiamente espa\u00f1ola, la Constituci\u00f3n de C\u00e1diz, conocida como la Pepa, fuera aprobada el 19 de marzo de 1812 en la ciudad.<\/p>\n<p>Fue la respuesta del pueblo espa\u00f1ol a las intenciones invasoras de Napole\u00f3n Bonaparte. La respuesta de la ciudadan\u00eda deriv\u00f3 a una reforma m\u00e1s radical y la Regencia convoc\u00f3 reuni\u00f3n a Cortes en la isla de Le\u00f3n el d\u00eda 24 de septiembre de 1810. Combin\u00f3 las leyes tradicionales de la Monarqu\u00eda espa\u00f1ola e incorpor\u00f3 principios del liberalismo democr\u00e1tico como la soberan\u00eda nacional y la separaci\u00f3n de poderes.<\/p>\n<p>La soberan\u00eda, poder pleno y supremo del Estado, que hasta entonces hab\u00eda correspondido al Rey, pasa ahora a la Naci\u00f3n, como ente supremo y distinto a los individuos que la integran, representado por los diputados, sin estamentos ni mandato imperativo. La separaci\u00f3n de po- deres sigui\u00f3 el modelo de la constituci\u00f3n francesa de 1791 y la de los Estados Unidos, lo cual impidi\u00f3 el nacimiento del r\u00e9gimen parlamentario en Espa\u00f1a.<\/p>\n<p>Tuvo una vigencia ef\u00edmera, Fernando VII la derog\u00f3 a su vuelta a Espa\u00f1a en 1814, implantando el absolutismo durante seis a\u00f1os. Tras el pronunciamiento de Riego en 1820, el Rey se vio obligado a jurar la Constituci\u00f3n de 1812, inici\u00e1ndose as\u00ed el Trienio liberal. Con ello termin\u00f3 la vigencia de la Constituci\u00f3n de C\u00e1diz, pero no su in\ufb02ujo, que gravit\u00f3 sobre la pol\u00edtica nacional hasta 1868 y durante el resto del ciclo liberal.<\/p>\n<p>Durante el siglo XIX apenas se realizaron obras de envergadura en la ciudad salvo la apertura de espacios dentro de la zona de intramuros. El caser\u00edo t\u00edpico de C\u00e1diz qued\u00f3 conformado en el siglo XVIII bajo los patrones del neoclasicismo urbano, la in\ufb02uencia de un barroco ya tard\u00edo y la necesidad de elevar las construcciones para paliar la falta de espacios.<\/p>\n<p><span><img decoding=\"async\" loading=\"lazy\" src=\"https:\/\/puertasdetierra.cadiz.es\/wp-content\/uploads\/2022\/01\/contemp3-300x200.png\" width=\"300\" height=\"200\" alt=\"\" class=\"wp-image-127 alignnone size-medium\" style=\"display: block; margin-left: auto; margin-right: auto;\" \/><\/span><\/p>\n<p>La divisi\u00f3n de barrios en el siglo XIX fue pr\u00e1cticamente la misma desde comienzos de siglo. La ciudad se reparti\u00f3 en 18 barrios en intramuros que inclu\u00edan La Merced y Santa Mar\u00eda, San Roque y Boquete, Santiago, Ave Mar\u00eda, Nuevo de Santa Cruz, Capuchinos, San Lorenzo, La Vi\u00f1a, Nuevo Mundo, Cruz de la Verdad, Cuna, San Felipe Neri, El Pilar, Angustias y San Carlos, Rosario, Candelaria, San Antonio y Bendici\u00f3n de Dios y el barrio de San Jos\u00e9 en extramuros.<\/p>\n<p>En 1822 se realiz\u00f3 una reforma administrativa de una estructura urbana basada en cuarteles y barrios con una asignaci\u00f3n parroquial, subdivididas en manzanas y casas seriadas de forma impar a la derecha, correlativas e independientes en cada zona y gestionados por las Diputaciones y por los Regidores de barrio. Esta divisi\u00f3n supuso la creaci\u00f3n de 4 cuarteles y 12 barrios sin incluir al de San Jos\u00e9: Cuartel de Santa Cruz, barrios de las Escuelas, P\u00f3pulo y Merced; Cuartel del Rosario, Barrios de San Carlos, San Francisco y Correos; Cuartel de San Antonio, Barrios de Constituci\u00f3n, H\u00e9rcules y Cortes; y Cuartel de San Lorenzo, Barrios de la Palma, Hospicio y Libertad.<span style=\"font-size: 14px;\">\u00a0<\/span><\/p>\n<p>En un momento posterior, hacia 1830 se implant\u00f3 una nueva divisi\u00f3n administrativa para subdividir el espacio de la ciudad entre el Cuartel de la Bendici\u00f3n de Dios que incluy\u00f3 a los Barrios de San Antonio, Cruz de la Verdad y Nuestra Se\u00f1ora de la Bendici\u00f3n de Dios; el Cuartel de San Carlos con el barrio de Nuestra Se\u00f1ora del Pilar, Nuestra Se\u00f1ora de las Angustias, San Carlos, Nuestra Se\u00f1ora del Rosario, de la Cuna y San Felipe; el Cuartel de San Lorenzo que incluy\u00f3 al Barrio del Nuevo Mundo y de San Lorenzo; el Cuartel de la Candelaria con los barrios de Candelaria, Santiago y Ave Mar\u00eda; y el Cuartel de Santa Mar\u00eda con San Roque y Boquete y Santa Mar\u00eda y La Merced.<\/p>\n<p><img decoding=\"async\" loading=\"lazy\" src=\"https:\/\/puertasdetierra.cadiz.es\/wp-content\/uploads\/2022\/01\/contemp2-300x214.png\" width=\"300\" height=\"214\" alt=\"\" class=\"wp-image-128 alignnone size-medium\" style=\"display: block; margin-left: auto; margin-right: auto;\" \/><\/p>\n<p>A partir de 1849 el barrio de San Carlos se uni\ufb01c\u00f3 con el de San Francisco y ya en 1869 el barrio de extramuros de San Jos\u00e9 pas\u00f3 a considerarse como un distrito de la ciudad. Las \u00faltimas reformas de \ufb01nales de siglo ata\u00f1en a la subdivisi\u00f3n de algunos barrios como el de La Merced, Santa Mar\u00eda, Hospicio, El Bal\u00f3n, La Palma, San Lorenzo, San Jos\u00e9 y San Severiano.<\/p>\n<p>La altura de los edi\ufb01cios fue objeto de una continua vigilancia por parte de las autoridades que desde el siglo XVIII impusieron la norma de limitar a 20 varas de altitud, sin incluir las torres miradores, cuando se proyectara una edi\ufb01caci\u00f3n nueva.<\/p>\n<p>Adem\u00e1s tambi\u00e9n se incidi\u00f3 en la construcci\u00f3n de un sistema de recogida de agua que desde las canalizaciones que proced\u00edan de las azoteas comunicaban directamente con los aljibes que sirvieron para abastecer al vecindario de agua.<\/p>\n<p>Los edi\ufb01cios estaban construidos en piedra ostionera en la mayor\u00eda de los casos, completados por la mamposter\u00eda, maderas para los techos y forjados de hierro para los vanos exteriores. Las casas que pertenecieron a la burgues\u00eda comercial se completaban con una decoraci\u00f3n a base de m\u00e1rmol, escayola y pinturas tanto en las caras exteriores de los edi\ufb01cios como en las estancias internas.<\/p>\n<p>En esta etapa se levantaron tres tipos de casas: la conocida como \u201cprincipal\u201d bajo el patr\u00f3n burgu\u00e9s comercial que reun\u00eda en su espacio las dependencias destinadas para el almac\u00e9n en los pisos bajos, las o\ufb01cinas en los primeros pisos, la vivienda en los pisos superiores y las del servicio que ocupaban los pisos m\u00e1s altos sin contar la torre mirador; el otro tipo de vivienda se denomin\u00f3 \u201cla de cuerpos\u201d en las cuales los pisos no estaban diferenciados pero las viviendas s\u00ed son independientes; y por \u00faltimo las casas de vecinos que se levantaron para las clases m\u00e1s modestas de la ciudad con unas divisiones mucho menores que en algunas ocasiones resultaron de una subdivisi\u00f3n de un edi\ufb01cio m\u00e1s antiguo.<\/p>\n<p>Sin embargo a mediados del siglo XIX se gener\u00f3 un estilo decorativo novedoso muy ornamental atendiendo a los gustos de la burgues\u00eda que se denomina como \u201cisabelino\u201d porque coincide cronol\u00f3gicamente con la etapa de in\ufb02uencia del reinado de Isabel II.<\/p>\n<p>Entre las intervenciones urbanas m\u00e1s destacadas de este siglo en C\u00e1diz se han de destacar la culminaci\u00f3n de la c\u00fapula y la sacrist\u00eda de la Catedral realizada, el Mercado p\u00fablico de la Plaza de la Libertad, la reforma de la Plaza de Espoz y Mina y la Academia de Bellas Artes (Callej\u00f3n del Tinte) por la desamortizaci\u00f3n del Convento de los Franciscanos y la Plaza de Toros por parte de Juan Daura. Por otro lado se reform\u00f3 el Arco del P\u00f3pulo, se ampli\u00f3 el Ayuntamiento, se levant\u00f3 el Teatro Circo Gaditano, se edi\ufb01c\u00f3 el Gran Teatro \u2013 posteriormente Gran Teatro Falla- y de nuevo se alz\u00f3 una Plaza de Toros debido a un derrumbe bajo las \u00f3rdenes de Garc\u00eda del \u00c1lamo.<\/p>\n<p>A estas obras urbanas hay que a\u00f1adir el paseo de la Alameda de Manuel Bayo, los ensanches de la Plaza del Mentidero y de la Plaza de la Catedral, los empedrados, adoquinados y enlosados de las calles y las aceras, el Parque Genov\u00e9s y la construcci\u00f3n de un camino de circunvalaci\u00f3n por la zona de intramuros.<\/p>\n<p><span style=\"font-size: 14px;\">Hay que destacar que la sede del Centro Municipal de Arte Flamenco \u201cLa Merced\u201d utiliz\u00f3 unos planos de 1895 del arquitecto Ei\ufb00el dise\u00f1ados originalmente para la estructura del antiguo Teatro del Parque Genov\u00e9s, con el objeto de modernizar la est\u00e9tica con la arquitectura del hierro.<\/span><\/p>\n<p style=\"text-align: center;\"><img decoding=\"async\" loading=\"lazy\" src=\"https:\/\/puertasdetierra.cadiz.es\/wp-content\/uploads\/2022\/01\/contemp4-300x187.png\" width=\"300\" height=\"187\" alt=\"\" class=\"wp-image-126 alignnone size-medium\" \/><\/p>\n<p>[\/et_pb_text][\/et_pb_column][\/et_pb_row][\/et_pb_section][et_pb_section fb_built=&#8221;1&#8243; inner_shadow=&#8221;on&#8221; _builder_version=&#8221;3.22&#8243; background_color=&#8221;#2ea3f2&#8243; use_background_color_gradient=&#8221;on&#8221; background_color_gradient_start=&#8221;#2ea3f2&#8243; background_color_gradient_end=&#8221;#2e6df4&#8243; background_color_gradient_direction=&#8221;330deg&#8221;][et_pb_row _builder_version=&#8221;3.25&#8243; background_size=&#8221;initial&#8221; background_position=&#8221;top_left&#8221; background_repeat=&#8221;repeat&#8221;][et_pb_column type=&#8221;4_4&#8243; _builder_version=&#8221;3.25&#8243; custom_padding=&#8221;|||&#8221; custom_padding__hover=&#8221;|||&#8221;][et_pb_cta title=&#8221;Evoluci\u00f3n de la ciudad de C\u00e1diz a trav\u00e9s de su patrimonio militar, mar\u00edtimo e industrial (MMI)&#8221; button_url=&#8221;#&#8221; _builder_version=&#8221;4.6.6&#8243; use_background_color=&#8221;off&#8221; background_size=&#8221;initial&#8221; background_position=&#8221;top_left&#8221; background_repeat=&#8221;repeat&#8221; button_text_size__hover_enabled=&#8221;off&#8221; button_one_text_size__hover_enabled=&#8221;off&#8221; button_two_text_size__hover_enabled=&#8221;off&#8221; button_text_color__hover_enabled=&#8221;off&#8221; button_one_text_color__hover_enabled=&#8221;off&#8221; button_two_text_color__hover_enabled=&#8221;off&#8221; button_border_width__hover_enabled=&#8221;off&#8221; button_one_border_width__hover_enabled=&#8221;off&#8221; button_two_border_width__hover_enabled=&#8221;off&#8221; button_border_color__hover_enabled=&#8221;off&#8221; button_one_border_color__hover_enabled=&#8221;off&#8221; button_two_border_color__hover_enabled=&#8221;off&#8221; button_border_radius__hover_enabled=&#8221;off&#8221; button_one_border_radius__hover_enabled=&#8221;off&#8221; button_two_border_radius__hover_enabled=&#8221;off&#8221; button_letter_spacing__hover_enabled=&#8221;off&#8221; button_one_letter_spacing__hover_enabled=&#8221;off&#8221; button_two_letter_spacing__hover_enabled=&#8221;off&#8221; button_bg_color__hover_enabled=&#8221;off&#8221; button_one_bg_color__hover_enabled=&#8221;off&#8221; button_two_bg_color__hover_enabled=&#8221;off&#8221;]<\/p>\n<p>&nbsp;<\/p>\n<p><img decoding=\"async\" loading=\"lazy\" src=\"https:\/\/puertasdetierra.cadiz.es\/wp-content\/uploads\/2022\/01\/base-300x52.png\" width=\"300\" height=\"52\" alt=\"\" class=\"wp-image-73 alignnone size-medium\" \/><\/p>\n<p>[\/et_pb_cta][\/et_pb_column][\/et_pb_row][\/et_pb_section]<\/p>\n","protected":false},"excerpt":{"rendered":"<p>[et_pb_section fb_built=&#8221;1&#8243; fullwidth=&#8221;on&#8221; _builder_version=&#8221;4.6.6&#8243; background_color=&#8221;#018289&#8243; background_color_gradient_direction=&#8221;330deg&#8221;][et_pb_fullwidth_image src=&#8221;https:\/\/puertasdetierra.cadiz.es\/wp-content\/uploads\/2022\/01\/logocontemp.png&#8221; title_text=&#8221;logocontemp&#8221; _builder_version=&#8221;4.6.6&#8243; _module_preset=&#8221;default&#8221;][\/et_pb_fullwidth_image][et_pb_fullwidth_header title=&#8221;\u00c9poca contempor\u00e1nea (s. XIX)&#8221; content_max_width=&#8221;none&#8221; _builder_version=&#8221;4.6.6&#8243; background_color=&#8221;rgba(255, 255, 255, 0)&#8221; button_one_text_size__hover_enabled=&#8221;off&#8221; button_two_text_size__hover_enabled=&#8221;off&#8221; button_one_text_color__hover_enabled=&#8221;off&#8221; button_two_text_color__hover_enabled=&#8221;off&#8221; button_one_border_width__hover_enabled=&#8221;off&#8221; button_two_border_width__hover_enabled=&#8221;off&#8221; button_one_border_color__hover_enabled=&#8221;off&#8221; button_two_border_color__hover_enabled=&#8221;off&#8221; button_one_border_radius__hover_enabled=&#8221;off&#8221; button_two_border_radius__hover_enabled=&#8221;off&#8221; button_one_letter_spacing__hover_enabled=&#8221;off&#8221; button_two_letter_spacing__hover_enabled=&#8221;off&#8221; button_one_bg_color__hover_enabled=&#8221;off&#8221; button_two_bg_color__hover_enabled=&#8221;off&#8221;][\/et_pb_fullwidth_header][\/et_pb_section][et_pb_section fb_built=&#8221;1&#8243; _builder_version=&#8221;3.22&#8243; custom_padding=&#8221;||0px|||&#8221;][et_pb_row _builder_version=&#8221;4.6.6&#8243; _module_preset=&#8221;default&#8221;][et_pb_column type=&#8221;4_4&#8243; _builder_version=&#8221;4.6.6&#8243; _module_preset=&#8221;default&#8221;][et_pb_menu _builder_version=&#8221;4.6.6&#8243; _module_preset=&#8221;default&#8221;][\/et_pb_menu][\/et_pb_column][\/et_pb_row][et_pb_row column_structure=&#8221;1_3,1_3,1_3&#8243; _builder_version=&#8221;4.6.6&#8243; _module_preset=&#8221;default&#8221;][et_pb_column type=&#8221;1_3&#8243; _builder_version=&#8221;4.6.6&#8243; _module_preset=&#8221;default&#8221;][et_pb_blurb title=&#8221;Patrimonio militar&#8221; image=&#8221;https:\/\/puertasdetierra.cadiz.es\/wp-content\/uploads\/2022\/01\/icon-military.png&#8221; image_max_width=&#8221;45%&#8221; _builder_version=&#8221;4.6.6&#8243; [&hellip;]<\/p>\n","protected":false},"author":1,"featured_media":0,"parent":0,"menu_order":0,"comment_status":"closed","ping_status":"closed","template":"page-template-blank.php","meta":{"_et_pb_use_builder":"on","_et_pb_old_content":"","_et_gb_content_width":""},"_links":{"self":[{"href":"https:\/\/puertasdetierra.cadiz.es\/index.php\/wp-json\/wp\/v2\/pages\/167"}],"collection":[{"href":"https:\/\/puertasdetierra.cadiz.es\/index.php\/wp-json\/wp\/v2\/pages"}],"about":[{"href":"https:\/\/puertasdetierra.cadiz.es\/index.php\/wp-json\/wp\/v2\/types\/page"}],"author":[{"embeddable":true,"href":"https:\/\/puertasdetierra.cadiz.es\/index.php\/wp-json\/wp\/v2\/users\/1"}],"replies":[{"embeddable":true,"href":"https:\/\/puertasdetierra.cadiz.es\/index.php\/wp-json\/wp\/v2\/comments?post=167"}],"version-history":[{"count":5,"href":"https:\/\/puertasdetierra.cadiz.es\/index.php\/wp-json\/wp\/v2\/pages\/167\/revisions"}],"predecessor-version":[{"id":206,"href":"https:\/\/puertasdetierra.cadiz.es\/index.php\/wp-json\/wp\/v2\/pages\/167\/revisions\/206"}],"wp:attachment":[{"href":"https:\/\/puertasdetierra.cadiz.es\/index.php\/wp-json\/wp\/v2\/media?parent=167"}],"curies":[{"name":"wp","href":"https:\/\/api.w.org\/{rel}","templated":true}]}}