{"id":249,"date":"2022-03-21T01:00:20","date_gmt":"2022-03-21T00:00:20","guid":{"rendered":"https:\/\/puertasdetierra.cadiz.es\/?page_id=249"},"modified":"2022-03-22T00:00:40","modified_gmt":"2022-03-21T23:00:40","slug":"contemporary-age-20th-century","status":"publish","type":"page","link":"https:\/\/puertasdetierra.cadiz.es\/index.php\/en\/contemporary-age-20th-century\/","title":{"rendered":"Contemporary age (20th century)"},"content":{"rendered":"<p>[et_pb_section fb_built=&#8221;1&#8243; fullwidth=&#8221;on&#8221; _builder_version=&#8221;4.6.6&#8243; background_color=&#8221;#004739&#8243; background_color_gradient_direction=&#8221;330deg&#8221;][et_pb_fullwidth_image src=&#8221;https:\/\/puertasdetierra.cadiz.es\/wp-content\/uploads\/2022\/01\/logo-contemp2.png&#8221; title_text=&#8221;logo contemp2&#8243; _builder_version=&#8221;4.6.6&#8243; _module_preset=&#8221;default&#8221;][\/et_pb_fullwidth_image][et_pb_fullwidth_header title=&#8221;Contemporary age\u00a0 (20th century)&#8221; content_max_width=&#8221;none&#8221; _builder_version=&#8221;4.6.6&#8243; background_color=&#8221;rgba(255, 255, 255, 0)&#8221; button_one_text_size__hover_enabled=&#8221;off&#8221; button_two_text_size__hover_enabled=&#8221;off&#8221; button_one_text_color__hover_enabled=&#8221;off&#8221; button_two_text_color__hover_enabled=&#8221;off&#8221; button_one_border_width__hover_enabled=&#8221;off&#8221; button_two_border_width__hover_enabled=&#8221;off&#8221; button_one_border_color__hover_enabled=&#8221;off&#8221; button_two_border_color__hover_enabled=&#8221;off&#8221; button_one_border_radius__hover_enabled=&#8221;off&#8221; button_two_border_radius__hover_enabled=&#8221;off&#8221; button_one_letter_spacing__hover_enabled=&#8221;off&#8221; button_two_letter_spacing__hover_enabled=&#8221;off&#8221; button_one_bg_color__hover_enabled=&#8221;off&#8221; button_two_bg_color__hover_enabled=&#8221;off&#8221;][\/et_pb_fullwidth_header][\/et_pb_section][et_pb_section fb_built=&#8221;1&#8243; _builder_version=&#8221;3.22&#8243; custom_padding=&#8221;||0px|||&#8221;][et_pb_row _builder_version=&#8221;4.6.6&#8243; _module_preset=&#8221;default&#8221;][et_pb_column type=&#8221;4_4&#8243; _builder_version=&#8221;4.6.6&#8243; _module_preset=&#8221;default&#8221;][et_pb_menu _builder_version=&#8221;4.6.6&#8243; _module_preset=&#8221;default&#8221;][\/et_pb_menu][\/et_pb_column][\/et_pb_row][et_pb_row column_structure=&#8221;1_3,1_3,1_3&#8243; _builder_version=&#8221;4.6.6&#8243; _module_preset=&#8221;default&#8221;][et_pb_column type=&#8221;1_3&#8243; _builder_version=&#8221;4.6.6&#8243; _module_preset=&#8221;default&#8221;][et_pb_blurb title=&#8221;Military heritate&#8221; image=&#8221;https:\/\/puertasdetierra.cadiz.es\/wp-content\/uploads\/2022\/01\/icon-military.png&#8221; image_max_width=&#8221;45%&#8221; _builder_version=&#8221;4.6.6&#8243; _module_preset=&#8221;default&#8221; header_level=&#8221;h2&#8243; header_text_align=&#8221;center&#8221; body_text_align=&#8221;center&#8221; body_font_size=&#8221;16px&#8221; text_orientation=&#8221;center&#8221;]<\/p>\n<p style=\"text-align: center;\">The 20th century began with the partial demolition of the walls of C\u00e1diz, a process that was increasing and that radically transformed the urban fabric of the city.<\/p>\n<p>[\/et_pb_blurb][\/et_pb_column][et_pb_column type=&#8221;1_3&#8243; _builder_version=&#8221;4.6.6&#8243; _module_preset=&#8221;default&#8221;][et_pb_blurb title=&#8221;Maritime heritage&#8221; image=&#8221;https:\/\/puertasdetierra.cadiz.es\/wp-content\/uploads\/2022\/01\/icon-barco.png&#8221; image_max_width=&#8221;35%&#8221; _builder_version=&#8221;4.6.6&#8243; _module_preset=&#8221;default&#8221; header_level=&#8221;h2&#8243; header_text_align=&#8221;center&#8221; body_text_align=&#8221;center&#8221; body_font_size=&#8221;16px&#8221; text_orientation=&#8221;center&#8221; custom_padding=&#8221;||0px|||&#8221; hover_enabled=&#8221;0&#8243; sticky_enabled=&#8221;0&#8243;]<\/p>\n<p style=\"text-align: center;\">The construction of the C\u00e1diz-San Fernando tramway contributed to the appearance of recreational places and the Balneario de la Victoria and summer villas.<\/p>\n<p>[\/et_pb_blurb][\/et_pb_column][et_pb_column type=&#8221;1_3&#8243; _builder_version=&#8221;4.6.6&#8243; _module_preset=&#8221;default&#8221;][et_pb_blurb title=&#8221;Industrial heritage&#8221; image=&#8221;https:\/\/puertasdetierra.cadiz.es\/wp-content\/uploads\/2022\/01\/icon-industrial.png&#8221; image_max_width=&#8221;52%&#8221; _builder_version=&#8221;4.6.6&#8243; _module_preset=&#8221;default&#8221; header_level=&#8221;h2&#8243; header_text_align=&#8221;center&#8221; body_text_align=&#8221;center&#8221; body_font_size=&#8221;16px&#8221; text_orientation=&#8221;center&#8221;]<\/p>\n<p>The 20th century experienced a boom in shipyards, especially the Navantia company, and the Puntales electrical tower was created .<\/p>\n<p>[\/et_pb_blurb][\/et_pb_column][\/et_pb_row][\/et_pb_section][et_pb_section fb_built=&#8221;1&#8243; _builder_version=&#8221;3.22&#8243; custom_padding=&#8221;0px||0px|||&#8221;][et_pb_row _builder_version=&#8221;3.25&#8243; background_size=&#8221;initial&#8221; background_position=&#8221;top_left&#8221; background_repeat=&#8221;repeat&#8221;][et_pb_column type=&#8221;4_4&#8243; _builder_version=&#8221;3.25&#8243; custom_padding=&#8221;|||&#8221; custom_padding__hover=&#8221;|||&#8221;][et_pb_image src=&#8221;https:\/\/puertasdetierra.cadiz.es\/wp-content\/uploads\/2022\/01\/planocontem2.png&#8221; title_text=&#8221;planocontem2&#8243; force_fullwidth=&#8221;on&#8221; _builder_version=&#8221;4.6.6&#8243; _module_preset=&#8221;default&#8221;][\/et_pb_image][\/et_pb_column][\/et_pb_row][\/et_pb_section][et_pb_section fb_built=&#8221;1&#8243; _builder_version=&#8221;3.22&#8243; custom_padding=&#8221;0px|||||&#8221;][et_pb_row _builder_version=&#8221;3.25&#8243; background_size=&#8221;initial&#8221; background_position=&#8221;top_left&#8221; background_repeat=&#8221;repeat&#8221;][et_pb_column type=&#8221;4_4&#8243; _builder_version=&#8221;3.25&#8243; custom_padding=&#8221;|||&#8221; custom_padding__hover=&#8221;|||&#8221;][et_pb_text _builder_version=&#8221;4.6.6&#8243; background_size=&#8221;initial&#8221; background_position=&#8221;top_left&#8221; background_repeat=&#8221;repeat&#8221; text_orientation=&#8221;center&#8221; module_alignment=&#8221;center&#8221; hover_enabled=&#8221;0&#8243; sticky_enabled=&#8221;0&#8243;]<\/p>\n<h1>The fall of the walls<\/h1>\n<p>[\/et_pb_text][\/et_pb_column][\/et_pb_row][et_pb_row _builder_version=&#8221;4.6.6&#8243; _module_preset=&#8221;default&#8221;][et_pb_column type=&#8221;4_4&#8243; _builder_version=&#8221;4.6.6&#8243; _module_preset=&#8221;default&#8221;][et_pb_text _builder_version=&#8221;4.6.6&#8243; _module_preset=&#8221;default&#8221;]<\/p>\n<p><img decoding=\"async\" loading=\"lazy\" src=\"https:\/\/puertasdetierra.cadiz.es\/wp-content\/uploads\/2022\/01\/contempb1-300x168.png\" width=\"300\" height=\"168\" alt=\"\" class=\"wp-image-124 alignnone size-medium\" style=\"display: block; margin-left: auto; margin-right: auto;\" \/><\/p>\n<p>The 20th century began for the city of C\u00e1diz with the authorization of the permit for the partial demolition of the wall, a historical event that took place in 1903 and that gave rise to a new urban transformation towards the current appearance of the city. The demolition material generated from its destruction was reused for the urbanization outside the walls and the filling of the dock, Canalejas and Plaza Espa\u00f1a.<\/p>\n<p>It should be remembered that at the end of the 19th century, colonization outside the walls was limited to the suburb of San Jos\u00e9, the nucleus of San Severiano and the neighborhood of Puntales, related to seafaring and shipbuilding activities. The rest of the territory was restricted to small constructions related to fishing, warehouses and factories located in a disorderly manner that formed a network of roads where spaces for orchards were located.<\/p>\n<p>Starting in the second half of the 19th century, the walls gradually lost their importance and significance, becoming an urban promenade with a great landscape character. The desire to overcome the past together with the desire for modernization, the need to connect with the new port and the urbanization of the area outside the walls motivated the idea of \u200b\u200bdemolishing the walls, which was carried out without any overall plan except for adaptation to the urban concepts of industrialization, expansions and interior reforms of the city.<\/p>\n<p>In the 1980s, the first proposals for demolition emerged based on the urbanization of the area outside the walls, alleging hygienic, social and aesthetic needs.<\/p>\n<p>In 1893, the demolition permit was requested for the walls of the sector that goes from the Customs House to the Land Gates, although it was denied; This fact led to the subsequent search for new approaches regarding its justi\ufb01cation.<\/p>\n<p>The decisive period for the long-awaited demolition of the walls of Cadiz took place between 1904 and 1906 with the mandate of the mayors Gonz\u00e1lez de Aramburu, Cayetano del Toro and Segismundo Moret. On February 13, 1906, the collapse of the sector between the bastion of San Antonio and that of Los Negros was authorized and, later, on February 26, the urbanization of the area outside the walls was also authorized.<\/p>\n<p>On March 3, 1906, the demolition began from Puerta del Mar. From this point the works continued on both sides to the front of Puerta de Tierra and Puerto Piojo.<\/p>\n<p>Said landslide was carried out in two phases: the first dealt with the section that goes between the current Diputaci\u00f3n and the bastion of the blacks; while in the second, the walls that surrounded the current Plaza de Espa\u00f1a were intervened to erect the monument to the Cortes on its esplanade.<\/p>\n<p>In the years from 1907 to the end of the 1920s, the request for new demolitions and the problem of reusing the materials from the demolition took place, for which the Walls Commission was created, which sought to provide solutions to the problems generated by the improvisation of the works. In this phase, the controversy arose about the ownership of the liberated land and, given the lack of understanding between the Ministry of War and the City Council, Ram\u00f3n de Carranza, mayor of the city, planned the urbanization of Paseo de Canalejas and Plaza of Spain in the years of 1928 and 1929.<\/p>\n<p>With the urbanization of Canalejas, the city found the perfect substitute for those walks along the royal wall that also included the installation of terraces in the bars in the area and that were very well received by the citizens.<\/p>\n<p>Between 1930 and 1947 and after the granting of military barracks and glacis to the city, the sector outside the walls between Puerta de Tierra and Avenida de Portugal was gradually consolidated. The surroundings of the San Jos\u00e9 neighborhood were urbanized in the streets of Sociedad, Campos El\u00edseos, Amigos del \u00c1rbol, the area of \u200b\u200bthe former bullring, and the Paseo Mar\u00edtimo was built on the Victoria beach, the Plaza de la Constituci\u00f3n to which the steelwork of Ana de Viya, Cayetano del Toro and Trille was added.<\/p>\n<p>The year 1947 was marked by another great historical event that caused great damage to the city. On August 18 of that year, the ammunition stored in the Navy Submarine Defense Base exploded, totally destroying the industrial facilities and residential areas around San Severiano. The phenomenon of the explosion had an immediate effect on the return of the population to the old town with a large agglomeration of inhabitants in the popular neighborhoods.<\/p>\n<p>In the area outside the walls, the closest to the scene of the incident, most of the existing buildings were seriously damaged; In intramuros, houses and buildings suffered structural damage, although with a much lower degree of damage. A large number of people were left without homes, so they were installed in temporary camps that were replaced by groups of wooden barracks that were left in different neighborhoods of the city.<\/p>\n<p>In addition to the damage to homes, the catastrophe also caused extensive damage to public buildings such as the Gran Teatro Falla, the Cathedral Church, the Balneario de la Palma, which was being renovated at the time, the Reformatorio de Menores located in Callej\u00f3n Trille and the Hogar del Ni\u00f1o de Jes\u00fas or Casa Cuna, completely destroyed.<\/p>\n<p>The main industries of the city were also destroyed, such as &#8220;Gas Leb\u00f3n&#8221; and the &#8220;Astilleros de Echevarrieta y Larrinaga&#8221;, the military installations of the Navy belonging to the San Severiano neighborhood, in the case of the Hydrographic Institute of the Navy, and the military barracks of the infantry close to the neighborhood of San Jos\u00e9.\u00a0<\/p>\n<p><img decoding=\"async\" loading=\"lazy\" src=\"https:\/\/puertasdetierra.cadiz.es\/wp-content\/uploads\/2022\/01\/contempb2-300x217.png\" width=\"300\" height=\"217\" alt=\"\" class=\"wp-image-123 alignnone size-medium\" style=\"display: block; margin-left: auto; margin-right: auto;\" \/><\/p>\n<p>&nbsp;<\/p>\n<p>Around the year 1943, faced with the need to strengthen hydrography, the hydrographic service became independent from the Marine Observatory, thus creating the Navy Hydrographic Institute. Said body, dependent on the General Staff of the Navy, arose with the aim of giving impetus to cartography and achieving greater action in the functions related to hydrography and navigation. Its cartographic production is granted the category of State Cartography and Official Documentation and mandatory use for the navigator.<\/p>\n<p>The Institute, which was located in C\u00e1diz from the moment of its creation, was totally destroyed by the effects of the explosion, having to undertake a reconstruction of its facilities that was completed in 1955.<\/p>\n<p><span><img decoding=\"async\" loading=\"lazy\" src=\"https:\/\/puertasdetierra.cadiz.es\/wp-content\/uploads\/2022\/01\/contempb3-300x137.png\" width=\"300\" height=\"137\" alt=\"\" class=\"wp-image-122 alignnone size-medium\" style=\"display: block; margin-left: auto; margin-right: auto;\" \/><\/span><\/p>\n<p>On the other hand, the infrastructure of the city was severely damaged as all basic supplies and communications were interrupted. The railway tracks disappeared in the section near the Underwater Defense Base, the power line poles were blown up causing a general blackout as well as the telephone lines, the water supply network burst and left without supply to the entire the population.<\/p>\n<p>After this event, urban restructuring was proposed through the urban planning plan, the rebuilding of the affected area and the injection of public funds by the City Council, Provincial Council and Civil Government. The District Office of Devastated Regions focused on the reconstruction of the San Severiano neighbourhood, the low houses of the Barriada Espa\u00f1a and the first blocks of Cerro del Moro.<\/p>\n<p><span style=\"font-size: 14px;\">\u00a0<\/span><\/p>\n<p style=\"text-align: center;\"><img decoding=\"async\" loading=\"lazy\" src=\"https:\/\/puertasdetierra.cadiz.es\/wp-content\/uploads\/2022\/01\/contempb4-300x192.png\" width=\"300\" height=\"192\" alt=\"\" class=\"wp-image-121 alignnone size-medium\" \/><\/p>\n<p>&nbsp;<\/p>\n<p>[\/et_pb_text][\/et_pb_column][\/et_pb_row][\/et_pb_section][et_pb_section fb_built=&#8221;1&#8243; inner_shadow=&#8221;on&#8221; _builder_version=&#8221;3.22&#8243; background_color=&#8221;#2ea3f2&#8243; use_background_color_gradient=&#8221;on&#8221; background_color_gradient_start=&#8221;#2ea3f2&#8243; background_color_gradient_end=&#8221;#2e6df4&#8243; background_color_gradient_direction=&#8221;330deg&#8221;][et_pb_row _builder_version=&#8221;3.25&#8243; background_size=&#8221;initial&#8221; background_position=&#8221;top_left&#8221; background_repeat=&#8221;repeat&#8221;][et_pb_column type=&#8221;4_4&#8243; _builder_version=&#8221;3.25&#8243; custom_padding=&#8221;|||&#8221; custom_padding__hover=&#8221;|||&#8221;][et_pb_cta title=&#8221;Evolution of the city of C\u00e1diz through its military, maritime and industrial heritage (MMI)&#8221; button_url=&#8221;#&#8221; _builder_version=&#8221;4.6.6&#8243; use_background_color=&#8221;off&#8221; background_size=&#8221;initial&#8221; background_position=&#8221;top_left&#8221; background_repeat=&#8221;repeat&#8221; hover_enabled=&#8221;0&#8243; button_text_size__hover_enabled=&#8221;off&#8221; button_one_text_size__hover_enabled=&#8221;off&#8221; button_two_text_size__hover_enabled=&#8221;off&#8221; button_text_color__hover_enabled=&#8221;off&#8221; button_one_text_color__hover_enabled=&#8221;off&#8221; button_two_text_color__hover_enabled=&#8221;off&#8221; button_border_width__hover_enabled=&#8221;off&#8221; button_one_border_width__hover_enabled=&#8221;off&#8221; button_two_border_width__hover_enabled=&#8221;off&#8221; button_border_color__hover_enabled=&#8221;off&#8221; button_one_border_color__hover_enabled=&#8221;off&#8221; button_two_border_color__hover_enabled=&#8221;off&#8221; button_border_radius__hover_enabled=&#8221;off&#8221; button_one_border_radius__hover_enabled=&#8221;off&#8221; button_two_border_radius__hover_enabled=&#8221;off&#8221; button_letter_spacing__hover_enabled=&#8221;off&#8221; button_one_letter_spacing__hover_enabled=&#8221;off&#8221; button_two_letter_spacing__hover_enabled=&#8221;off&#8221; button_bg_color__hover_enabled=&#8221;off&#8221; button_one_bg_color__hover_enabled=&#8221;off&#8221; button_two_bg_color__hover_enabled=&#8221;off&#8221; sticky_enabled=&#8221;0&#8243;]<\/p>\n<p>&nbsp;<\/p>\n<p><img decoding=\"async\" loading=\"lazy\" src=\"https:\/\/puertasdetierra.cadiz.es\/wp-content\/uploads\/2022\/01\/base-300x52.png\" width=\"300\" height=\"52\" alt=\"\" class=\"wp-image-73 alignnone size-medium\" \/><\/p>\n<p>[\/et_pb_cta][\/et_pb_column][\/et_pb_row][\/et_pb_section]<\/p>\n","protected":false},"excerpt":{"rendered":"<p>[et_pb_section fb_built=&#8221;1&#8243; fullwidth=&#8221;on&#8221; _builder_version=&#8221;4.6.6&#8243; background_color=&#8221;#004739&#8243; background_color_gradient_direction=&#8221;330deg&#8221;][et_pb_fullwidth_image src=&#8221;https:\/\/puertasdetierra.cadiz.es\/wp-content\/uploads\/2022\/01\/logo-contemp2.png&#8221; title_text=&#8221;logo contemp2&#8243; _builder_version=&#8221;4.6.6&#8243; _module_preset=&#8221;default&#8221;][\/et_pb_fullwidth_image][et_pb_fullwidth_header title=&#8221;Contemporary age\u00a0 (20th century)&#8221; content_max_width=&#8221;none&#8221; _builder_version=&#8221;4.6.6&#8243; background_color=&#8221;rgba(255, 255, 255, 0)&#8221; button_one_text_size__hover_enabled=&#8221;off&#8221; button_two_text_size__hover_enabled=&#8221;off&#8221; button_one_text_color__hover_enabled=&#8221;off&#8221; button_two_text_color__hover_enabled=&#8221;off&#8221; button_one_border_width__hover_enabled=&#8221;off&#8221; button_two_border_width__hover_enabled=&#8221;off&#8221; button_one_border_color__hover_enabled=&#8221;off&#8221; button_two_border_color__hover_enabled=&#8221;off&#8221; button_one_border_radius__hover_enabled=&#8221;off&#8221; button_two_border_radius__hover_enabled=&#8221;off&#8221; button_one_letter_spacing__hover_enabled=&#8221;off&#8221; button_two_letter_spacing__hover_enabled=&#8221;off&#8221; button_one_bg_color__hover_enabled=&#8221;off&#8221; button_two_bg_color__hover_enabled=&#8221;off&#8221;][\/et_pb_fullwidth_header][\/et_pb_section][et_pb_section fb_built=&#8221;1&#8243; _builder_version=&#8221;3.22&#8243; custom_padding=&#8221;||0px|||&#8221;][et_pb_row _builder_version=&#8221;4.6.6&#8243; _module_preset=&#8221;default&#8221;][et_pb_column type=&#8221;4_4&#8243; _builder_version=&#8221;4.6.6&#8243; _module_preset=&#8221;default&#8221;][et_pb_menu _builder_version=&#8221;4.6.6&#8243; _module_preset=&#8221;default&#8221;][\/et_pb_menu][\/et_pb_column][\/et_pb_row][et_pb_row column_structure=&#8221;1_3,1_3,1_3&#8243; _builder_version=&#8221;4.6.6&#8243; _module_preset=&#8221;default&#8221;][et_pb_column type=&#8221;1_3&#8243; _builder_version=&#8221;4.6.6&#8243; _module_preset=&#8221;default&#8221;][et_pb_blurb title=&#8221;Military heritate&#8221; image=&#8221;https:\/\/puertasdetierra.cadiz.es\/wp-content\/uploads\/2022\/01\/icon-military.png&#8221; image_max_width=&#8221;45%&#8221; [&hellip;]<\/p>\n","protected":false},"author":1,"featured_media":0,"parent":0,"menu_order":0,"comment_status":"closed","ping_status":"closed","template":"page-template-blank.php","meta":{"_et_pb_use_builder":"on","_et_pb_old_content":"","_et_gb_content_width":""},"_links":{"self":[{"href":"https:\/\/puertasdetierra.cadiz.es\/index.php\/wp-json\/wp\/v2\/pages\/249"}],"collection":[{"href":"https:\/\/puertasdetierra.cadiz.es\/index.php\/wp-json\/wp\/v2\/pages"}],"about":[{"href":"https:\/\/puertasdetierra.cadiz.es\/index.php\/wp-json\/wp\/v2\/types\/page"}],"author":[{"embeddable":true,"href":"https:\/\/puertasdetierra.cadiz.es\/index.php\/wp-json\/wp\/v2\/users\/1"}],"replies":[{"embeddable":true,"href":"https:\/\/puertasdetierra.cadiz.es\/index.php\/wp-json\/wp\/v2\/comments?post=249"}],"version-history":[{"count":2,"href":"https:\/\/puertasdetierra.cadiz.es\/index.php\/wp-json\/wp\/v2\/pages\/249\/revisions"}],"predecessor-version":[{"id":278,"href":"https:\/\/puertasdetierra.cadiz.es\/index.php\/wp-json\/wp\/v2\/pages\/249\/revisions\/278"}],"wp:attachment":[{"href":"https:\/\/puertasdetierra.cadiz.es\/index.php\/wp-json\/wp\/v2\/media?parent=249"}],"curies":[{"name":"wp","href":"https:\/\/api.w.org\/{rel}","templated":true}]}}